{"id":11,"date":"2020-08-06T12:41:27","date_gmt":"2020-08-06T12:41:27","guid":{"rendered":"http:\/\/icht.ro\/?page_id=11"},"modified":"2023-04-21T07:23:40","modified_gmt":"2023-04-21T07:23:40","slug":"achizitii","status":"publish","type":"page","link":"https:\/\/ro-openscreen.ro\/?page_id=11","title":{"rendered":"Anun\u021buri actuale"},"content":{"rendered":"\n<h2 style=\"text-align: center;\">ACHIZI\u021aII<\/h2>\n\n\n\n<div style=\"height:60px\" aria-hidden=\"true\" class=\"wp-block-spacer\"><\/div>\n\n\n<div class=\"wp-block-ub-content-toggle wp-block-ub-content-toggle-block\" id=\"ub-content-toggle-block-0927b0f9-b093-401b-8816-1ed934d52247\" data-mobilecollapse=\"true\" data-desktopcollapse=\"true\" data-preventcollapse=\"false\" data-showonlyone=\"false\">\n<div class=\"wp-block-ub-content-toggle-accordion\" style=\"border-color: #f1f1f1; \" id=\"ub-content-toggle-panel-block-\">\n\t\t\t<div class=\"wp-block-ub-content-toggle-accordion-title-wrap\" style=\"background-color: #f1f1f1;\" aria-controls=\"ub-content-toggle-panel-0-0927b0f9-b093-401b-8816-1ed934d52247\" tabindex=\"0\">\n\t\t\t<p class=\"wp-block-ub-content-toggle-accordion-title ub-content-toggle-title-0927b0f9-b093-401b-8816-1ed934d52247\" style=\"color: #4c7288; \">05-04-2023 <strong>(Distilator deionizator &#8211; 1 bucat\u0103<\/strong>)<br>Valoarea estimat\u0103: 22,460.20 lei +TVA. Achizi\u021bie direct\u0103. Contract de achizi\u021bii publice<\/p>\n\t\t\t<div class=\"wp-block-ub-content-toggle-accordion-toggle-wrap right\" style=\"color: #000000;\"><span class=\"wp-block-ub-content-toggle-accordion-state-indicator wp-block-ub-chevron-down\"><\/span><\/div>\n\t\t<\/div>\n\t\t\t<div role=\"region\" aria-expanded=\"false\" class=\"wp-block-ub-content-toggle-accordion-content-wrap ub-hide\" id=\"ub-content-toggle-panel-0-0927b0f9-b093-401b-8816-1ed934d52247\">\n\n<p>Debit ap\u0103 pur\u0103: \u2265 4 L\/min. Rezervor ap\u0103 pur\u0103 de min. 50 L<\/p>\n\n\n\n<div data-wp-interactive=\"core\/file\" class=\"wp-block-file\"><object data-wp-bind--hidden=\"!state.hasPdfPreview\" hidden class=\"wp-block-file__embed\" data=\"https:\/\/ro-openscreen.ro\/wp-content\/uploads\/2023\/04\/Anunt_Distilator-deionizator-1-buc.pdf\" type=\"application\/pdf\" style=\"width:100%;height:600px\" aria-label=\"\u00cenglobare pentru Anunt_Distilator-deionizator-1-buc.\"><\/object><a id=\"wp-block-file--media-e7725226-787d-4b72-8d6a-a749196d6838\" href=\"https:\/\/ro-openscreen.ro\/wp-content\/uploads\/2023\/04\/Anunt_Distilator-deionizator-1-buc.pdf\">Anunt_Distilator-deionizator-1-buc<\/a><a href=\"https:\/\/ro-openscreen.ro\/wp-content\/uploads\/2023\/04\/Anunt_Distilator-deionizator-1-buc.pdf\" class=\"wp-block-file__button wp-element-button\" download aria-describedby=\"wp-block-file--media-e7725226-787d-4b72-8d6a-a749196d6838\">Descarc\u0103<\/a><\/div>\n\n\n\n<p><\/p>\n\n<\/div>\n\t\t<\/div>\n\n<div class=\"wp-block-ub-content-toggle-accordion\" style=\"border-color: #f1f1f1; \" id=\"ub-content-toggle-panel-block-\">\n\t\t\t<div class=\"wp-block-ub-content-toggle-accordion-title-wrap\" style=\"background-color: #f1f1f1;\" aria-controls=\"ub-content-toggle-panel-1-0927b0f9-b093-401b-8816-1ed934d52247\" tabindex=\"0\">\n\t\t\t<p class=\"wp-block-ub-content-toggle-accordion-title ub-content-toggle-title-0927b0f9-b093-401b-8816-1ed934d52247\" style=\"color: #4c7288; \">20-04-2023 <strong>(Agitator magnetic cu r\u0103cire pentru sinteze la temperaturi sc\u0103zute &#8211; 1 bucat\u0103<\/strong>)<br>Valoarea estimat\u0103: 32,500.00 lei +TVA. Achizi\u021bie direct\u0103. Contract de achizi\u021bii publice<\/p>\n\t\t\t<div class=\"wp-block-ub-content-toggle-accordion-toggle-wrap right\" style=\"color: #000000;\"><span class=\"wp-block-ub-content-toggle-accordion-state-indicator wp-block-ub-chevron-down\"><\/span><\/div>\n\t\t<\/div>\n\t\t\t<div role=\"region\" aria-expanded=\"false\" class=\"wp-block-ub-content-toggle-accordion-content-wrap ub-hide\" id=\"ub-content-toggle-panel-1-0927b0f9-b093-401b-8816-1ed934d52247\">\n\n<p>Domeniu de temperatur\u0103 cuprins \u00eentre -80oC \u0219i temperatura camerei. Volumul b\u0103ii de minim 2 L. Sistem magnetic de agitare.<\/p>\n\n\n\n<div data-wp-interactive=\"core\/file\" class=\"wp-block-file\"><object data-wp-bind--hidden=\"!state.hasPdfPreview\" hidden class=\"wp-block-file__embed\" data=\"https:\/\/ro-openscreen.ro\/wp-content\/uploads\/2023\/04\/Anunt_Agitator-magnetic-cu-racire-pentru-sinteze-la-temperaturi-scazute.pdf\" type=\"application\/pdf\" style=\"width:100%;height:600px\" aria-label=\"\u00cenglobare pentru Anunt_Agitator-magnetic-cu-racire-pentru-sinteze-la-temperaturi-scazute.\"><\/object><a id=\"wp-block-file--media-e7725226-787d-4b72-8d6a-a749196d6838\" href=\"https:\/\/ro-openscreen.ro\/wp-content\/uploads\/2023\/04\/Anunt_Agitator-magnetic-cu-racire-pentru-sinteze-la-temperaturi-scazute.pdf\">Anunt_Agitator-magnetic-cu-racire-pentru-sinteze-la-temperaturi-scazute<\/a><a href=\"https:\/\/ro-openscreen.ro\/wp-content\/uploads\/2023\/04\/Anunt_Agitator-magnetic-cu-racire-pentru-sinteze-la-temperaturi-scazute.pdf\" class=\"wp-block-file__button wp-element-button\" download aria-describedby=\"wp-block-file--media-e7725226-787d-4b72-8d6a-a749196d6838\">Descarc\u0103<\/a><\/div>\n\n\n\n<p><\/p>\n\n<\/div>\n\t\t<\/div>\n<\/div>\n\n\n<div style=\"height:60px\" aria-hidden=\"true\" class=\"wp-block-spacer\"><\/div>\n\n\n<div class=\"wp-block-image\">\n<figure class=\"aligncenter size-large is-resized\"><img loading=\"lazy\" decoding=\"async\" src=\"https:\/\/ro-openscreen.ro\/wp-content\/uploads\/2021\/04\/Separator-ROOPENSCREEN297_120_tiff-3-1024x704.png\" alt=\"\" class=\"wp-image-613\" width=\"137\" height=\"93\" srcset=\"https:\/\/ro-openscreen.ro\/wp-content\/uploads\/2021\/04\/Separator-ROOPENSCREEN297_120_tiff-3-1024x704.png 1024w, https:\/\/ro-openscreen.ro\/wp-content\/uploads\/2021\/04\/Separator-ROOPENSCREEN297_120_tiff-3-300x206.png 300w, https:\/\/ro-openscreen.ro\/wp-content\/uploads\/2021\/04\/Separator-ROOPENSCREEN297_120_tiff-3-768x528.png 768w, https:\/\/ro-openscreen.ro\/wp-content\/uploads\/2021\/04\/Separator-ROOPENSCREEN297_120_tiff-3.png 1400w\" sizes=\"auto, (max-width: 137px) 100vw, 137px\" \/><\/figure><\/div>","protected":false},"excerpt":{"rendered":"<p>ACHIZI\u021aII<\/p>\n","protected":false},"author":1,"featured_media":0,"parent":0,"menu_order":0,"comment_status":"closed","ping_status":"closed","template":"","meta":{"footnotes":""},"class_list":["post-11","page","type-page","status-publish","hentry"],"featured_image_src":null,"_links":{"self":[{"href":"https:\/\/ro-openscreen.ro\/index.php?rest_route=\/wp\/v2\/pages\/11","targetHints":{"allow":["GET"]}}],"collection":[{"href":"https:\/\/ro-openscreen.ro\/index.php?rest_route=\/wp\/v2\/pages"}],"about":[{"href":"https:\/\/ro-openscreen.ro\/index.php?rest_route=\/wp\/v2\/types\/page"}],"author":[{"embeddable":true,"href":"https:\/\/ro-openscreen.ro\/index.php?rest_route=\/wp\/v2\/users\/1"}],"replies":[{"embeddable":true,"href":"https:\/\/ro-openscreen.ro\/index.php?rest_route=%2Fwp%2Fv2%2Fcomments&post=11"}],"version-history":[{"count":110,"href":"https:\/\/ro-openscreen.ro\/index.php?rest_route=\/wp\/v2\/pages\/11\/revisions"}],"predecessor-version":[{"id":1877,"href":"https:\/\/ro-openscreen.ro\/index.php?rest_route=\/wp\/v2\/pages\/11\/revisions\/1877"}],"wp:attachment":[{"href":"https:\/\/ro-openscreen.ro\/index.php?rest_route=%2Fwp%2Fv2%2Fmedia&parent=11"}],"curies":[{"name":"wp","href":"https:\/\/api.w.org\/{rel}","templated":true}]}}